{"id":317,"date":"2016-04-25T13:24:16","date_gmt":"2016-04-25T13:24:16","guid":{"rendered":"http:\/\/tommustester.wpengine.com\/?page_id=317"},"modified":"2022-12-02T15:01:46","modified_gmt":"2022-12-02T14:01:46","slug":"home-slider","status":"publish","type":"page","link":"https:\/\/giampietrograssedonio.it\/web\/","title":{"rendered":"Home Slider"},"content":{"rendered":"<p>[vc_row full_width=&#8221;stretch_row&#8221;][vc_column]<div class=\"slider height-60\" data-animation=\"slide\" data-arrows=\"true\" data-timing=\"5000\"><ul class=\"slides\">\n\t\t<li class=\"imagebg\" data-overlay=\"3\">\n\t\t\t<div class=\"background-image-holder\">\n\t\t\t\t<img loading=\"lazy\" decoding=\"async\" width=\"1800\" height=\"750\" src=\"https:\/\/giampietrograssedonio.it\/web\/wp-content\/uploads\/2019\/12\/header_home2.jpg\" class=\"attachment-full size-full\" alt=\"\" srcset=\"https:\/\/giampietrograssedonio.it\/web\/wp-content\/uploads\/2019\/12\/header_home2.jpg 1800w, https:\/\/giampietrograssedonio.it\/web\/wp-content\/uploads\/2019\/12\/header_home2-300x125.jpg 300w, https:\/\/giampietrograssedonio.it\/web\/wp-content\/uploads\/2019\/12\/header_home2-1024x427.jpg 1024w, https:\/\/giampietrograssedonio.it\/web\/wp-content\/uploads\/2019\/12\/header_home2-768x320.jpg 768w, https:\/\/giampietrograssedonio.it\/web\/wp-content\/uploads\/2019\/12\/header_home2-1536x640.jpg 1536w\" sizes=\"auto, (max-width: 1800px) 100vw, 1800px\" \/>\n\t\t\t<\/div>\n\t\t\t<div class=\"container pos-vertical-center\">\n\t\t\t\t<div class=\"row\">\n\t\t\t\t\t<div class=\"col-md-6 col-sm-7 wpb_text_column\">\n\t\t\t\t\t\t <\/p>\n<h2>Lo Studio Vi assiste<br \/>\nnella realizzazione della Vostra Idea\u2026<\/h2>\n<p>\n\n\t\t\t\t\t<\/div>\n\t\t\t\t<\/div>\n\t\t\t<\/div>\n\t\t<\/li>\n\t\n\t\t<li class=\"imagebg\" data-overlay=\"3\">\n\t\t\t<div class=\"background-image-holder\">\n\t\t\t\t<img loading=\"lazy\" decoding=\"async\" width=\"1800\" height=\"750\" src=\"https:\/\/giampietrograssedonio.it\/web\/wp-content\/uploads\/2019\/12\/header_home1.jpg\" class=\"attachment-full size-full\" alt=\"\" srcset=\"https:\/\/giampietrograssedonio.it\/web\/wp-content\/uploads\/2019\/12\/header_home1.jpg 1800w, https:\/\/giampietrograssedonio.it\/web\/wp-content\/uploads\/2019\/12\/header_home1-300x125.jpg 300w, https:\/\/giampietrograssedonio.it\/web\/wp-content\/uploads\/2019\/12\/header_home1-1024x427.jpg 1024w, https:\/\/giampietrograssedonio.it\/web\/wp-content\/uploads\/2019\/12\/header_home1-768x320.jpg 768w, https:\/\/giampietrograssedonio.it\/web\/wp-content\/uploads\/2019\/12\/header_home1-1536x640.jpg 1536w\" sizes=\"auto, (max-width: 1800px) 100vw, 1800px\" \/>\n\t\t\t<\/div>\n\t\t\t<div class=\"container pos-vertical-center\">\n\t\t\t\t<div class=\"row\">\n\t\t\t\t\t<div class=\"col-md-6 col-sm-7 wpb_text_column\">\n\t\t\t\t\t\t <\/p>\n<h2>\u2026 e nella cura ed attenzione necessaria<br \/>\nper farla crescere<\/h2>\n<p>\n\n\t\t\t\t\t<\/div>\n\t\t\t\t<\/div>\n\t\t\t<\/div>\n\t\t<\/li>\n\t<\/ul><\/div>[\/vc_column][vc_column][\/vc_column][vc_column][\/vc_column][\/vc_row][vc_row full_width=&#8221;stretch_row&#8221;][vc_column]\n\t\t\t<div class=\"imageblock imageblock--lg\">\n\t\t\t\t<div class=\"imageblock__content col-md-5 col-sm-4 pos-left hidden-xs\">\n\t\t\t\t\t<div class=\"background-image-holder\">\n\t\t\t\t\t\t<img loading=\"lazy\" decoding=\"async\" width=\"1000\" height=\"667\" src=\"https:\/\/giampietrograssedonio.it\/web\/wp-content\/uploads\/2019\/12\/home2.jpg\" class=\"attachment-full size-full\" alt=\"\" srcset=\"https:\/\/giampietrograssedonio.it\/web\/wp-content\/uploads\/2019\/12\/home2.jpg 1000w, https:\/\/giampietrograssedonio.it\/web\/wp-content\/uploads\/2019\/12\/home2-300x200.jpg 300w, https:\/\/giampietrograssedonio.it\/web\/wp-content\/uploads\/2019\/12\/home2-768x512.jpg 768w\" sizes=\"auto, (max-width: 1000px) 100vw, 1000px\" \/>\n\t\t\t\t\t<\/div>\n\t\t\t\t<\/div>\n\t\t\t\n\t\t\t\t<div class=\"container\">\n\t\t\t\t\t<div class=\"row\">\n\t\t\t\t\t\t<div class=\"col-md-5 col-sm-7 col-md-push-7 col-sm-push-5\">\n\t\t\t\t\t\t\t[vc_column_text]<\/p>\n<h6>A PROPOSITO DI NOI<\/h6>\n<hr \/>\n<h2>La Storia<\/h2>\n<p id=\"u1839-3\">E\u2019 dall\u2019intuizione del Rag. Pietro Giampietro \u2013 gi\u00e0 Funzionario imposte e tasse presso l\u2019Ufficio del Registro dal 1946 \u2013 che nel 1964 viene fondato uno dei primi studi professionali di Carignano.\u00a0 Lo studio svolgeva la propria attivit\u00e0 in parte dei locali in cui ancora oggi con le opportune modifiche e ampliamenti viene praticata la professione. Sono anni in cui nella provincia dominano le attivit\u00e0 artigianali ed un forte e radicato commercio, settori cui si rivolge principalmente l\u2019attivit\u00e0 svolta dall\u2019ufficio.<\/p>\n<p id=\"u1839-6\">Nel 1977, divenuta Consulente del Lavoro, la figlia Raffaella Giampietro entra nella realt\u00e0 professionale paterna e con un costante lavoro di apprendimento e grazie all\u2019avvento\u00a0 delle prime tecnologie nella gestione della professione, muove i propri passi nello sviluppo di attivit\u00e0 diverse, come la gestione del personale, assistenza e consulenza a societ\u00e0 di persone e le prime aziende in contabilit\u00e0 ordinaria. Gli anni Novanta e Duemila hanno conosciuto un ulteriore incremento delle competenze professionali offerte, con la creazione di uno studio moderno ed informatizzato, capace di raccogliere le sfide sulla gestione integrata dei rapporti con le Imprese e l\u2019Amministrazione Finanziaria.<\/p>\n<p><a class=\"btn\" href=\"https:\/\/giampietrograssedonio.it\/web\/la-storia\/\">Continua a leggere<\/a>[\/vc_column_text]\n\t\t\t\t\t\t<\/div>\n\t\t\t\t\t<\/div><!--end of row-->\n\t\t\t\t<\/div><!--end of container-->\n\t\t\t<\/div>\n\t\t\n\t\t\t<div class=\"imageblock imageblock--lg bg--secondary\">\n\t\t\t\t<div class=\"imageblock__content col-md-5 col-sm-4 pos-right hidden-xs\">\n\t\t\t\t\t<div class=\"background-image-holder\">\n\t\t\t\t\t\t<img loading=\"lazy\" decoding=\"async\" width=\"841\" height=\"667\" src=\"https:\/\/giampietrograssedonio.it\/web\/wp-content\/uploads\/2019\/12\/home4.jpg\" class=\"attachment-full size-full\" alt=\"\" srcset=\"https:\/\/giampietrograssedonio.it\/web\/wp-content\/uploads\/2019\/12\/home4.jpg 841w, https:\/\/giampietrograssedonio.it\/web\/wp-content\/uploads\/2019\/12\/home4-300x238.jpg 300w, https:\/\/giampietrograssedonio.it\/web\/wp-content\/uploads\/2019\/12\/home4-768x609.jpg 768w\" sizes=\"auto, (max-width: 841px) 100vw, 841px\" \/>\n\t\t\t\t\t<\/div>\n\t\t\t\t<\/div>\n\t\t\t\n\t\t\t\t<div class=\"container\">\n\t\t\t\t\t<div class=\"row\">\n\t\t\t\t\t\t<div class=\"col-md-5 col-sm-7\">\n\t\t\t\t\t\t\t[vc_column_text]<\/p>\n<h6>LO STUDIO<\/h6>\n<hr \/>\n<h2><\/h2>\n<p>[\/vc_column_text]<div class=\"section-snippet-services-2\"><div class=\"slider\" data-paging=\"true\" data-animation=\"slide\"><ul class=\"slides\">\n\t\t<li>\n\t\t\t<i class=\"icon--partner \"><\/i>\n\t\t\t<\/p>\n<h2>Raffaella Giampietro<\/h2>\n<h4><span class=\"team-member__role\">Consulente del Lavoro<\/span><\/h4>\n<p>Nata nel 1955, si dedica allo studio sin dal 1973, conseguendo l\u2019abilitazione alla professione di Consulente del Lavoro il 28 febbraio 1977. E\u2019 iscritta presso l\u2019Ordine dei Consulenti del Lavoro di Torino al n. 1101.<\/p>\n<p><a class=\"link-underline\" href=\"https:\/\/giampietrograssedonio.it\/web\/raffaella-giampietro\/\">Continua a leggere<\/a><\/p>\n\n\t\t<\/li>\n\t\n\t\t<li>\n\t\t\t<i class=\"icon--partner \"><\/i>\n\t\t\t<\/p>\n<h2>Andrea Grassedonio<\/h2>\n<h4><span class=\"team-member__role\">Dottore Commercialista e Revisore Legale<\/span><\/h4>\n<p>Nato nel 1979, nel 2002 consegue la laurea di primo livello in Economia e Amministrazione delle Imprese presso l\u2019Universit\u00e0 degli Studi di Torino e nel 2004 consegue la laurea specialistica in Economia e Diritto presso l\u2019Alma Mater Studiorum, l\u2019Universit\u00e0 di Bologna. Il 7 giugno 2006 consegue l\u2019abilitazione alla professione di Dottore Commercialista ed Esperto Contabile [\u2026]<\/p>\n<p><a class=\"link-underline\" href=\"https:\/\/giampietrograssedonio.it\/web\/andrea-grassedonio\/\">Continua a leggere<\/a><\/p>\n\n\t\t<\/li>\n\t\n\t\t<li>\n\t\t\t<i class=\"icon--partner \"><\/i>\n\t\t\t<\/p>\n<h2>Diego Grassedonio<\/h2>\n<h4><span class=\"team-member__role\">Avvocato<\/span><\/h4>\n<p>Nato nel 1976, consegue nel 2001 la laurea in Giurisprudenza presso l\u2019Universit\u00e0 degli Studi di Torino. E\u2019 abilitato alla professione di avvocato dal 07 marzo 2005, ed \u00e8 iscritto presso l\u2019Ordine di Torino al n. 5298. Consegue l\u20198 luglio 2008 il Master di primo livello International Organization, International Law and Crime Prevention presso l\u2019Universit\u00e0 degli [\u2026]<\/p>\n<p><a class=\"link-underline\" href=\"https:\/\/giampietrograssedonio.it\/web\/diego-grassedonio\/\">Continua a leggere<\/a><\/p>\n\n\t\t<\/li>\n\t<\/ul><\/div><\/div>\n\t\t\t\t\t\t<\/div>\n\t\t\t\t\t<\/div><!--end of row-->\n\t\t\t\t<\/div><!--end of container-->\n\t\t\t<\/div>\n\t\t\n\t\t\t<div class=\"imageblock imageblock--lg\">\n\t\t\t\t<div class=\"imageblock__content col-md-5 col-sm-4 pos-left hidden-xs\">\n\t\t\t\t\t<div class=\"background-image-holder\">\n\t\t\t\t\t\t<img loading=\"lazy\" decoding=\"async\" width=\"1000\" height=\"667\" src=\"https:\/\/giampietrograssedonio.it\/web\/wp-content\/uploads\/2019\/12\/home3.jpg\" class=\"attachment-full size-full\" alt=\"\" srcset=\"https:\/\/giampietrograssedonio.it\/web\/wp-content\/uploads\/2019\/12\/home3.jpg 1000w, https:\/\/giampietrograssedonio.it\/web\/wp-content\/uploads\/2019\/12\/home3-300x200.jpg 300w, https:\/\/giampietrograssedonio.it\/web\/wp-content\/uploads\/2019\/12\/home3-768x512.jpg 768w\" sizes=\"auto, (max-width: 1000px) 100vw, 1000px\" \/>\n\t\t\t\t\t<\/div>\n\t\t\t\t<\/div>\n\t\t\t\n\t\t\t\t<div class=\"container\">\n\t\t\t\t\t<div class=\"row\">\n\t\t\t\t\t\t<div class=\"col-md-5 col-sm-7 col-md-push-7 col-sm-push-5\">\n\t\t\t\t\t\t\t[vc_column_text]<\/p>\n<h6>DI COSA CI OCCUPIAMO<\/h6>\n<hr \/>\n<h2>I\u00a0servizi\u00a0offerti<\/h2>\n<p>[\/vc_column_text][vc_empty_space height=&#8221;22px&#8221;][vc_column_text]<\/p>\n<ul>\n<li>Servizi FIscali alle Aziende<\/li>\n<li>Assistenza Contabile e Bilanci<\/li>\n<li>Consulenza Societaria<\/li>\n<li>Consulenza del Lavoro<\/li>\n<li>Servizi Fiscali ai Privati<\/li>\n<li>Contenzioso Tributario<\/li>\n<\/ul>\n<p>[\/vc_column_text][vc_btn title=&#8221;Visita la pagina&#8221; style=&#8221;flat&#8221; shape=&#8221;square&#8221; size=&#8221;lg&#8221; link=&#8221;url:http%3A%2F%2Fwww.giampietrograssedonio.it%2Fweb%2Fservizi%2F|||&#8221; css=&#8221;.vc_custom_1551637398549{padding-top: 20px !important;}&#8221;]\n\t\t\t\t\t\t<\/div>\n\t\t\t\t\t<\/div><!--end of row-->\n\t\t\t\t<\/div><!--end of container-->\n\t\t\t<\/div>\n\t\t\n\t\t\t<div class=\"imageblock imageblock--lg bg--secondary\">\n\t\t\t\t<div class=\"imageblock__content col-md-5 col-sm-4 pos-right hidden-xs\">\n\t\t\t\t\t<div class=\"background-image-holder\">\n\t\t\t\t\t\t<img loading=\"lazy\" decoding=\"async\" width=\"800\" height=\"533\" src=\"https:\/\/giampietrograssedonio.it\/web\/wp-content\/uploads\/2021\/08\/download-documenti.jpg\" class=\"attachment-full size-full\" alt=\"\" srcset=\"https:\/\/giampietrograssedonio.it\/web\/wp-content\/uploads\/2021\/08\/download-documenti.jpg 800w, https:\/\/giampietrograssedonio.it\/web\/wp-content\/uploads\/2021\/08\/download-documenti-300x200.jpg 300w, https:\/\/giampietrograssedonio.it\/web\/wp-content\/uploads\/2021\/08\/download-documenti-768x512.jpg 768w\" sizes=\"auto, (max-width: 800px) 100vw, 800px\" \/>\n\t\t\t\t\t<\/div>\n\t\t\t\t<\/div>\n\t\t\t\n\t\t\t\t<div class=\"container\">\n\t\t\t\t\t<div class=\"row\">\n\t\t\t\t\t\t<div class=\"col-md-5 col-sm-7\">\n\t\t\t\t\t\t\t[vc_column_text]<\/p>\n<h6>CHIUSURA STUDIO<\/h6>\n<hr \/>\n<h2>Download documentazione<\/h2>\n<p>[\/vc_column_text][vc_empty_space height=&#8221;22px&#8221;][vc_column_text]In caso di urgenze durante i periodi di chiusura dello Studio per ferie o festivit\u00e0, in questa sezione viene fornita la documentazione per comunicazioni e richieste urgenti in caso di assunzioni o infortuni dei vostri dipendenti.[\/vc_column_text][vc_btn title=&#8221;Visita la pagina&#8221; style=&#8221;flat&#8221; shape=&#8221;square&#8221; color=&#8221;blue&#8221; size=&#8221;lg&#8221; link=&#8221;url:http%3A%2F%2Fwww.giampietrograssedonio.it%2Fweb%2Fdownload-doc%2F|title:Download%20documenti||&#8221; css=&#8221;.vc_custom_1628175394312{padding-top: 20px !important;}&#8221;]\n\t\t\t\t\t\t<\/div>\n\t\t\t\t\t<\/div><!--end of row-->\n\t\t\t\t<\/div><!--end of container-->\n\t\t\t<\/div>\n\t\t[\/vc_column][vc_column width=&#8221;1\/3&#8243;][vc_cta h2=&#8221;Contatti&#8221; txt_align=&#8221;center&#8221; style=&#8221;flat&#8221; add_icon=&#8221;top&#8221;]<a href=\"https:\/\/giampietrograssedonio.it\/web\/pages\/contatti\/\">Visita la pagina<\/a>[\/vc_cta][\/vc_column][vc_column width=&#8221;2\/3&#8243;][vc_single_image image=&#8221;685&#8243; img_size=&#8221;full&#8221; alignment=&#8221;center&#8221;][\/vc_column][\/vc_row]<\/p>\n","protected":false},"excerpt":{"rendered":"<p>[vc_row full_width=&#8221;stretch_row&#8221;][vc_column][\/vc_column][vc_column][\/vc_column][vc_column][\/vc_column][\/vc_row][vc_row full_width=&#8221;stretch_row&#8221;][vc_column][\/vc_column][vc_column width=&#8221;1\/3&#8243;][vc_cta h2=&#8221;Contatti&#8221; txt_align=&#8221;center&#8221; style=&#8221;flat&#8221; add_icon=&#8221;top&#8221;]Visita la pagina[\/vc_cta][\/vc_column][vc_column width=&#8221;2\/3&#8243;][vc_single_image image=&#8221;685&#8243; img_size=&#8221;full&#8221; alignment=&#8221;center&#8221;][\/vc_column][\/vc_row]<\/p>\n","protected":false},"author":1,"featured_media":0,"parent":73,"menu_order":0,"comment_status":"closed","ping_status":"closed","template":"","meta":{"footnotes":""},"class_list":["post-317","page","type-page","status-publish","hentry"],"_links":{"self":[{"href":"https:\/\/giampietrograssedonio.it\/web\/wp-json\/wp\/v2\/pages\/317","targetHints":{"allow":["GET"]}}],"collection":[{"href":"https:\/\/giampietrograssedonio.it\/web\/wp-json\/wp\/v2\/pages"}],"about":[{"href":"https:\/\/giampietrograssedonio.it\/web\/wp-json\/wp\/v2\/types\/page"}],"author":[{"embeddable":true,"href":"https:\/\/giampietrograssedonio.it\/web\/wp-json\/wp\/v2\/users\/1"}],"replies":[{"embeddable":true,"href":"https:\/\/giampietrograssedonio.it\/web\/wp-json\/wp\/v2\/comments?post=317"}],"version-history":[{"count":40,"href":"https:\/\/giampietrograssedonio.it\/web\/wp-json\/wp\/v2\/pages\/317\/revisions"}],"predecessor-version":[{"id":769,"href":"https:\/\/giampietrograssedonio.it\/web\/wp-json\/wp\/v2\/pages\/317\/revisions\/769"}],"up":[{"embeddable":true,"href":"https:\/\/giampietrograssedonio.it\/web\/wp-json\/wp\/v2\/pages\/73"}],"wp:attachment":[{"href":"https:\/\/giampietrograssedonio.it\/web\/wp-json\/wp\/v2\/media?parent=317"}],"curies":[{"name":"wp","href":"https:\/\/api.w.org\/{rel}","templated":true}]}}